mainder when h(2) is divided by v?
1
Let f = -989 - -1116. Calculate the remainder when f is divided by 45.
37
Suppose -5*z = g - 130, -z = 2*g - 4*g - 15. What is the remainder when (48/(-56))/(1 + 339/(-336)) is divided by z?
21
Let s(q) = -q**3 + 3*q**2 + 3*q - 5. Let o be s(2). Suppose 2*j - 375 = -o*t, 2*t + j - 129 = -4*j. What is the remainder when t is divided by 13?
12
Let m(f) = 15*f**2 - 3*f - 3. What is the remainder when 43 - (-1)/(6/(-12)) is divided by m(-1)?
11
Let b = -157 - -269. Suppose -12*z - b = -20*z. What is the remainder when 47 is divided by z?
5
Suppose -3927 + 1427 = -25*p. What is the remainder when p is divided by 27?
19
Calculate the remainder when 21 is divided by ((1/2)/(-1))/((-22)/264).
3
Let s(l) = 3*l - 4. Let f = 73 + -100. Let p = f - -39. What is the remainder when p is divided by s(3)?
2
Suppose 17 = w + 2*n, 3*w - 38 = -3*n - 2. What is the remainder when (34/136)/(2/(-10))*-20 is divided by w?
4
Let m(d) = d**2 + 7*d + 3. Let g be m(-5). Let x(j) = -j**3 - 7*j**2 - j + 7. Let i = 78 - 39. Calculate the remainder when i is divided by x(g).
11
Let a be (-137)/(-2)*2*1. Suppose s = 4*o - a, 4*s - s + 3 = 0. What is the remainder when o is divided by (-4 + 78/15)*(-45)/(-6)?
7
Suppose 5*b - 142 = 23. Let s = -20 + b. What is the remainder when s is divided by ((-3)/(-6))/(4/32)?
1
Let z(k) = 2*k - 22. Let x be z(10). Let a = x - 5. What is the remainder when 47 is divided by (-2)/(-4)*(41 - a)?
23
Let h = -72 + 127. Let l = 59 - h. What is the remainder when l is divided by 2?
0
Let k(w) = -w**3 + 6*w**2 + 18*w - 12. Let t be k(8). Let b = t + 224. Calculate the remainder when b is divided by 33.
30
What is the remainder when 3/4 + 9131/92 is divided by 13?
9
Let j be (-6 - 0)/(2/(-14)). Suppose -j = -9*p + 7*p. What is the remainder when 80 is divided by p?
17
Suppose 0 = 34*t - 5950 - 714. Calculate the remainder when t is divided by 19.
6
Suppose -79 = p + 5*v - 473, p - 385 = -2*v. What is the remainder when p is divided by 64?
59
Let i(h) = 7*h**2 - 18*h + 2. What is the remainder when i(5) is divided by 9?
6
Suppose 0 = -230*b + 219*b + 66. Suppose -13 + 33 = -4*g, 2*g + 22 = -3*h. Let u = h - -15. What is the remainder when u is divided by b?
5
Let b(a) = -a + 4. Let l be b(0). Suppose t - 11 = 3*c, 5*t - l*c = 2*t + 33. What is the remainder when 41 - -2 - (-2 + 3) is divided by t?
9
Let t = 28 - 14. Suppose 0 = 3*j - 12, 4*n - 3*j + 4*j - 92 = 0. What is the remainder when ((-184)/12)/(1 + n/(-18)) is divided by t?
13
Suppose -w + 11 = -0*w + 3*f, 19 = 5*w - 3*f. Let j be (-30)/(-3 - 0) + 1. Let x = j + w. What is the remainder when 61 is divided by x?
13
Let l = 778 + -744. What is the remainder when 305 is divided by l?
33
Let j = -2 + 13. Calculate the remainder when ((-6)/18 + 2)*54/5 is divided by j.
7
Suppose 0 = -27*o - 3745 + 47431. Calculate the remainder when o is divided by 30.
28
Let c(j) = j**3 + 7*j**2 + 8*j - 4. What is the remainder when 25 is divided by c(-5)?
1
Let h(l) = 4*l**2 + 15*l - 14. Calculate the remainder when h(7) is divided by 72.
71
Let u be (-5816)/(-72) - 4/(-18). Let r = u - -18. Calculate the remainder when r is divided by 20.
19
What is the remainder when 91 is divided by (30 + -34)/((-12)/27)?
1
Let j(c) = -11*c - 1. What is the remainder when 211 is divided by j(-4)?
39
Let c = -37 + 53. Let b = -31 - -94. Calculate the remainder when b is divided by c.
15
Let s(d) = -2*d + 53. Let a(l) = -l**3 + 4*l**2 + 5*l - 2. Let y be a(5). What is the remainder when (1/(y/(-214)))/1 is divided by s(13)?
26
Let b(d) = d**2 + 22*d - 89. What is the remainder when 89 is divided by b(-26)?
14
Suppose -449 = -3*t - 191. Calculate the remainder when t is divided by 18/2*3 - -2.
28
Let z = 204 + -165. Suppose 3*g = -g + 56. What is the remainder when z is divided by g?
11
Let d(f) = -3. Let y(l) = -l - 1. Let b(i) = d(i) + 4*y(i). Calculate the remainder when 13 is divided by b(-4).
4
Let p(g) = -g**3 - 6*g**2 - 4*g + 7. Let c be p(-5). Suppose -c*o + 5*o - 3 = 0. Suppose -o = 3*j - 22. Calculate the remainder when 26 is divided by j.
5
Let t(z) be the third derivative of -z**5/60 + z**4/6 + 5*z**3/3 - 13*z**2. Suppose 3*h + 9 = 6*h. Calculate the remainder when t(5) is divided by h.
2
Let y(i) be the second derivative of i**5/20 - i**4/12 + i**3/2 - i**2 - i. Suppose -2 = -3*n + 2*n. What is the remainder when 14 is divided by y(n)?
6
Let b be 35 + -36 + (38 - (-1)/(-1)). Suppose 0 = -4*f + 4*z + 68, -3*f + 30 = z - 13. Let g = b - f. What is the remainder when 38 is divided by g?
17
Calculate the remainder when -1*(1448/12)/2*-9 is divided by 26.
23
Suppose 0 = 3*d + 2*b - 521, -2*d = d - 2*b - 541. Suppose -4*u - 5 + d = 0. Calculate the remainder when u is divided by 4.
3
Let a(m) = m**3 - m + 149. Let z be a(0). Let s = z + -75. What is the remainder when s is divided by 11?
8
Let v(j) = -j - 10. Let m be v(-10). Suppose 2*u + m*u = -3*b + 28, -b - 3*u + 21 = 0. What is the remainder when 84/15 - b/10 is divided by 2?
1
Let o = 566 + -558. Calculate the remainder when o is divided by 5.
3
Suppose 20 = -8*p + 4. Calculate the remainder when -1 + p*11/(-2) is divided by 6.
4
Let p(l) = 24*l**2 + 5*l + 7. Let z(t) be the first derivative of 7*t**3/3 - t**2 + 1. Calculate the remainder when p(-2) is divided by z(2).
21
Suppose -11*j - 112 + 288 = 0. Calculate the remainder when 733 is divided by j.
13
Let s = 99 + -205. Let w = s + 143. Calculate the remainder when 73 is divided by w.
36
Let k = 355 - 211. Let q = k - 67. Calculate the remainder when q is divided by 8.
5
Let d(k) = -k**3 + 5*k**2 - 5*k + 1. Let j be d(4). Let v(i) = -7*i + 15. Calculate the remainder when v(j) is divided by 19.
17
What is the remainder when 2/((-20)/(-6)) + (-213210)/(-1150) is divided by 66?
54
Let p be 80*(-4)/10*-1. Suppose -5*m = -m - p. Suppose 6 = -7*j + m*j. Calculate the remainder when 17 is divided by j.
5
Suppose 2*u = 2*v - 1 + 11, -v = u - 1. Let p(t) = 19*t. Let s be p(u). Suppose 0 = -y - 2*y + s. Calculate the remainder when 35 is divided by y.
16
Suppose 4*j = -4*d + 2*j + 408, -4*j = 5*d - 507. Let r = 207 - d. Calculate the remainder when r is divided by 53.
51
Suppose 3*z + 168 = 7*z. Suppose -2*a - 4*a = -996. What is the remainder when a is divided by z?
40
What is the remainder when 155 is divided by (260/(-30) - -6)*(-78)/8?
25
Suppose 0*x = 46*x - 1886. Calculate the remainder when 74 is divided by x.
33
Suppose 8*z - 14*z + 1662 = 0. Calculate the remainder when z is divided by 28.
25
Suppose 2*z - 4 - 18 = 0. Let h = 27 - z. What is the remainder when (-22248)/(-486) - (-5)/(90/4) is divided by h?
14
Let l(y) = y**2 + 33*y + 10. Calculate the remainder when 1628 is divided by l(-33).
8
Suppose 2*t - 114 = -t. Let q be ((-8)/(-28))/(2*(-2)/(-14)). Calculate the remainder when (-2)/q*t/(-4) is divided by 11.
8
Let r(y) = 2*y**2 + 6*y - 1. Suppose 4*z - 60 = 2*h, 3*z + 0*h - 38 = -2*h. What is the remainder when r(4) is divided by z?
13
Let i be -17 + -5 + -2 + 3. Let n = 29 + i. What is the remainder when 15 is divided by n?
7
Let m = -26 - -28. Suppose -m*x - x = -108. Suppose -3*a + x = -0*a. What is the remainder when 45 is divided by a?
9
Let u(s) be the first derivative of 5*s**2/2 - 29*s + 35. What is the remainder when u(11) is divided by 7?
5
Let y = -98 - -37. What is the remainder when -4 + (3 + 0 - y) is divided by 21?
18
Let f(k) = -2*k**2 - 6*k - 1. Let t be f(-3). What is the remainder when (t + 77)/(-5 - -7) + -4 is divided by 7?
6
Let k be -7 + ((-12)/(-2))/2. Let t = k - -19. What is the remainder when 27 is divided by t?
12
Let f = 266 + -245. Calculate the remainder when 162 is divided by f.
15
Let g = -430 + 483. What is the remainder when g is divided by 20?
13
Let h(f) be the second derivative of -f**4/12 - 7*f**3/2 - 45*f**2/2 + 6*f. What is the remainder when h(-15) is divided by 10?
5
Let c(f) = 14*f + 675. What is the remainder when -34*((-1)/(-2) + -1) is divided by c(-48)?
2
Let y = 900 - 894. What is the remainder when 125 is divided by y?
5
Suppose q - 4*v = 5, -4*q = v + 6 - 43. Suppose 300*b + 528 = 312*b. What is the remainder when b is divided by q?
8
Suppose 257*r + 20 = 259*r. Suppose -k = -24 - 24. Calculate the remainder when 